hest common divisor of 2665 and 34970?
65
What is the highest common divisor of 268 and 335871?
67
Calculate the greatest common divisor of 1449 and 153111.
483
Calculate the greatest common factor of 47595 and 285.
285
Calculate the greatest common factor of 186 and 394878.
186
Calculate the highest common factor of 1919 and 9.
1
Calculate the highest common factor of 1479 and 34.
17
Calculate the highest common divisor of 24530 and 4840.
110
What is the greatest common divisor of 58120 and 360?
40
Calculate the highest common divisor of 128376 and 702.
18
What is the highest common factor of 8064 and 2802?
6
What is the greatest common factor of 816 and 1326?
102
Calculate the greatest common factor of 708 and 65490.
354
Calculate the greatest common factor of 44 and 251878.
22
What is the highest common factor of 30447 and 612?
153
What is the greatest common divisor of 468 and 408?
12
Calculate the highest common divisor of 26 and 168779.
13
Calculate the highest common factor of 113 and 92999.
113
What is the greatest common divisor of 158167 and 571?
571
What is the highest common divisor of 19990 and 150?
10
What is the highest common factor of 421 and 29?
1
Calculate the highest common divisor of 53443 and 91.
13
Calculate the highest common divisor of 440853 and 147.
147
Calculate the greatest common divisor of 377778 and 474.
474
What is the greatest common divisor of 3024 and 5306?
14
Calculate the greatest common divisor of 8843 and 10755.
239
Calculate the greatest common divisor of 1889269 and 97.
97
Calculate the greatest common divisor of 183880 and 440.
40
What is the highest common divisor of 86 and 160003?
43
What is the highest common divisor of 32807 and 53?
53
What is the greatest common divisor of 1688 and 78703?
211
What is the highest common factor of 132 and 8724?
12
What is the highest common factor of 475315 and 15?
5
Calculate the greatest common divisor of 3549 and 959.
7
Calculate the highest common divisor of 45020 and 1890.
10
Calculate the greatest common divisor of 45931 and 184.
23
What is the highest common divisor of 3025 and 3296645?
605
Calculate the highest common divisor of 3077 and 10013.
17
Calculate the greatest common factor of 88 and 14944424.
88
Calculate the greatest common divisor of 600242 and 316.
158
Calculate the highest common divisor of 88412 and 460.
92
What is the greatest common factor of 1243879 and 91?
91
Calculate the highest common divisor of 2005 and 2045501.
401
Calculate the greatest common divisor of 564 and 5043.
3
Calculate the highest common divisor of 67044 and 1332.
444
What is the highest common factor of 58365 and 20?
5
What is the highest common divisor of 30561 and 366?
183
What is the highest common divisor of 236 and 1726?
2
What is the greatest common divisor of 256 and 605760?
64
Calculate the highest common divisor of 72397 and 52.
13
What is the greatest common divisor of 154142 and 518?
74
What is the greatest common divisor of 45356 and 174?
58
Calculate the greatest common divisor of 15065 and 575.
115
What is the highest common factor of 173 and 920879?
173
What is the greatest common factor of 1417 and 624?
13
What is the greatest common factor of 340 and 591940?
340
Calculate the greatest common factor of 970 and 17266.
194
What is the greatest common divisor of 26985 and 210?
105
What is the highest common divisor of 51 and 312681?
51
What is the greatest common factor of 3124 and 1540?
44
Calculate the greatest common factor of 469 and 1053642.
67
What is the highest common factor of 1880 and 539795?
235
Calculate the greatest common divisor of 95238 and 3330.
666
Calculate the highest common factor of 43826 and 68.
34
Calculate the highest common divisor of 52525 and 22.
11
Calculate the highest common divisor of 74940 and 720.
60
What is the highest common divisor of 61572 and 492?
12
What is the greatest common factor of 29225 and 14?
7
What is the highest common divisor of 108 and 178?
2
What is the greatest common factor of 86545 and 95?
95
Calculate the highest common factor of 25636 and 19839.
17
What is the highest common factor of 3240 and 7620?
60
What is the greatest common factor of 18432 and 2864?
16
What is the highest common factor of 48 and 340248?
24
Calculate the greatest common divisor of 8844 and 3234.
66
Calculate the highest common divisor of 236 and 28143.
59
Calculate the greatest common factor of 955744 and 64.
32
What is the highest common factor of 61 and 164639?
61
Calculate the highest common factor of 5678 and 11730.
34
Calculate the highest common divisor of 1337427 and 621.
207
What is the greatest common factor of 1037 and 3332?
17
Calculate the greatest common factor of 126787 and 19.
19
What is the greatest common divisor of 28 and 1162196?
28
Calculate the greatest common factor of 74 and 3695486.
74
What is the highest common factor of 43 and 1343836?
43
Calculate the greatest common divisor of 64 and 523616.
32
What is the highest common factor of 122499 and 702?
351
Calculate the greatest common factor of 42 and 362166.
42
Calculate the greatest common divisor of 24674 and 852202.
1898
Calculate the highest common factor of 50970 and 1830.
30
Calculate the highest common factor of 1164 and 8820.
12
What is the highest common factor of 2018538 and 18?
18
Calculate the greatest common divisor of 282 and 453174.
282
What is the greatest common factor of 60 and 97035?
15
Calculate the greatest common factor of 96 and 591.
3
Calculate the greatest common factor of 1599504 and 2679.
141
What is the greatest common divisor of 15568 and 2502?
278
What is the highest common divisor of 54416 and 190?
38
Calculate the greatest common factor of 1842 and 879.
3
Calculate the highest common factor of 48 and 1482.
6
Calculate the greatest common factor of 41144 and 176.
8
Calculate the highest common factor of 8 and 116152.
8
What is the highest common divisor of 689 and 69695?
53
Calculate the greatest common factor of 8616 and 189911.
359
Calculate the greatest common factor of 112872 and 78.
6
What is the highest common factor of 4100 and 6068?
164
What is the greatest common factor of 20801 and 1085?
31
What is the highest common divisor of 108555 and 45?
15
What is the greatest common divisor of 32088 and 28?
28
Calculate the greatest common divisor of 7488 and 1010304.
576
What is the highest common factor of 39 and 273299?
13
What is the highest common divisor of 729 and 4491?
9
Calculate the greatest common factor of 24175 and 146984.
967
What is the highest common factor of 724 and 59549?
181
Calculate the greatest common divisor of 407 and 38093.
11
What is the greatest common factor of 736 and 4192?
32
What is the highest common divisor of 708 and 514126?
118
What is the greatest common divisor of 45 and 27905?
5
Calculate the highest common divisor of 1418 and 1013161.
709
What is the greatest common divisor of 741590 and 10?
10
Calculate the highest common divisor of 832 and 1568.
32
What is the highest common divisor of 436720 and 1855?
265
What is the highest common divisor of 218 and 11896696?
218
What is the highest common divisor of 44990 and 550?
110
Calculate the greatest common factor of 9888 and 574122.
618
Calculate the greatest common divisor of 32814 and 234.
18
What is the highest common factor of 172918 and 6?
2
Calculate the highest common divisor of 176132 and 33.
11
Calculate the greatest common factor of 25 and 53800.
25
What is the greatest common divisor of 128982 and 518?
518
What is the greatest common factor of 111507 and 792?
33
What is the greatest common factor of 7123 and 629?
17
What is the highest common divisor of 309 and 2608990?
103
What is the greatest common divisor of 578824 and 8?
8
Calculate the greatest common divisor of 208 and 593136.
16
Calculate the greatest common factor of 93617 and 537.
179
Calculate the greatest common divisor of 4427196 and 1272.
636
Calculate the greatest common divisor of 396 and 5328.
36
Calculate the highest common divisor of 114080 and 10.
10
Calculate the greatest common factor of 100656 and 8.
8
What is the highest common divisor of 364 and 260?
52
Calculate the highest common divisor of 133 and 5567.
19
What is the highest common factor of 139